) = -43*m + 3317. What is q(79)?
-80
Let j(a) = 45*a + 523. Give j(-12).
-17
Let o(i) = 192*i + 22075. Calculate o(-115).
-5
Let w(n) = -n + 103. Determine w(9).
94
Let w(s) = -137*s - 134. What is w(-1)?
3
Let d(x) = -x**3 - 12*x**2 - 23*x - 6. Determine d(-7).
-90
Let j(d) = d**2 - 12*d - 64. What is j(18)?
44
Let n(p) = 4*p**2 + 154*p - 77. What is n(-39)?
1
Let r(a) = 966*a + 9640. Determine r(-10).
-20
Let v(c) = -c**3 + 10*c**2 + 33*c - 261. Give v(11).
-19
Let m(q) = -5*q**2 + 36*q - 199. Calculate m(14).
-675
Let s(n) = n**2 + 4*n - 42. Determine s(6).
18
Let r(y) = -2*y**3 + 2*y**2 - 4. Give r(-3).
68
Let p(q) = 1073*q + 2152. What is p(-2)?
6
Let k(h) = -13*h**2 + 83*h - 27. Give k(6).
3
Let n(y) = -10*y + 87. Calculate n(6).
27
Let x(k) = -k**2 + 6*k + 61. What is x(15)?
-74
Let b(n) = 8*n**3 - 73*n**2 + 2*n + 59. What is b(9)?
-4
Let o(v) = -14*v**3 + 164*v**2 + 55*v - 80. Determine o(12).
4
Let w(y) = -y**3 - 9*y**2 - 14*y - 36. Determine w(-7).
-36
Let r(i) = 4*i**3 + 261*i**2 + 58*i - 400. Give r(-65).
55
Let g(l) = -6*l**2 + 334*l + 453. Calculate g(57).
-3
Let q(p) = 2*p**2 - 64*p - 2547. Determine q(55).
-17
Let l(h) = -h**3 - 40*h**2 - 35*h + 52. Calculate l(-39).
-104
Let x(w) = 9*w - 96. Calculate x(4).
-60
Let h(w) = -25*w**2 - 2395*w + 449. What is h(-96)?
-31
Let n(l) = 2*l**2 - 58*l - 48. Determine n(43).
1156
Let c(g) = g**3 - 10*g**2 + 19*g - 8. What is c(8)?
16
Let r(b) = -b**3 - 10*b**2 + 149*b + 213. Determine r(9).
15
Let r(l) = 14*l + 162. Determine r(-14).
-34
Let b(c) = 2*c**2 - 9*c - 30. Give b(9).
51
Let h(r) = r**2 - 97*r + 974. Calculate h(86).
28
Let z(x) = -x**3 - 17*x**2 - 9*x + 126. What is z(-16)?
14
Let z(b) = -3*b**2 + 42*b - 36. What is z(10)?
84
Let s(i) = -170*i + 3066. Calculate s(18).
6
Let i(z) = 4*z**2 - 223*z - 273. What is i(57)?
12
Let h(i) = -9321*i - 74559. Calculate h(-8).
9
Let i(l) = -9*l**2 + 51*l + 49. Give i(-1).
-11
Let d(g) = -222*g - 7556. What is d(-34)?
-8
Let t(p) = 2*p**3 - 10*p**2 - 56*p + 60. Determine t(8).
-4
Let k(c) = c**3 + 91*c**2 + 503*c - 660. What is k(-85)?
-65
Let n(o) = -o**2 + 60*o + 205. Determine n(63).
16
Let t(j) = -31*j**2 - 64*j - 9. Determine t(-2).
-5
Let i(x) = x**3 + 14*x**2 - 10*x + 21. Calculate i(-15).
-54
Let x(t) = -t**3 + 11*t**2 - 27*t + 23. What is x(7)?
30
Let s(j) = 7*j + 101. Give s(-15).
-4
Let j(r) = -10901*r - 130820. What is j(-12)?
-8
Let z(d) = -10*d**3 + 40*d**2 + 4*d - 28. Give z(4).
-12
Let h(o) = -3*o**2 - 147*o + 451. Give h(3).
-17
Let w(a) = -a**3 - 38*a**2 - 165*a - 37. Calculate w(-33).
-37
Let s(g) = g**2 - 8*g + 32. Calculate s(7).
25
Let p(r) = 253*r + 1529. Calculate p(-6).
11
Let w(c) = -21*c - 98. Calculate w(-5).
7
Let h(a) = -a**3 - 11*a**2 - 17*a + 25. Calculate h(-6).
-53
Let y(q) = 8*q - 128. Determine y(-16).
-256
Let i(p) = 12*p**2 - 41*p + 57. Give i(3).
42
Let y(k) = 134*k + 4713. Calculate y(-35).
23
Let q(h) = -h**2 + 46*h + 703. Determine q(58).
7
Let p(j) = 6*j - 162. What is p(41)?
84
Let w(i) = -8*i**2 + 89*i + 25. Calculate w(10).
115
Let t(x) = x**3 - 29*x**2 - 19*x + 540. Give t(29).
-11
Let t(o) = o**2 - 133*o - 550. Calculate t(-4).
-2
Let g(z) = z**2 - 521*z - 5302. Give g(-10).
8
Let p(v) = 183*v + 1523. Give p(-8).
59
Let b(w) = -w**3 + 9*w**2 - 33*w + 144. Calculate b(7).
11
Let r(s) = -s**2 + 34*s + 866. What is r(-17)?
-1
Let m(y) = -3*y**2 - 126*y - 1179. Calculate m(-14).
-3
Let r(a) = 9*a**3 + 37*a**2 + 13*a + 41. What is r(-4)?
5
Let u(l) = 1719*l - 13765. Calculate u(8).
-13
Let i(l) = l**2 + 58*l - 1554. Calculate i(20).
6
Let c(t) = 5*t**2 - 30*t + 16. Give c(6).
16
Let m(s) = 127*s + 2419. What is m(-19)?
6
Let v(l) = 21*l**2 - 684*l + 392. What is v(32)?
8
Let x(t) = 26*t**2 - 1204*t + 41. Give x(46).
-327
Let x(p) = -6355*p - 31769. Give x(-5).
6
Let m(o) = 2*o**3 - 85*o**2 + 127*o - 136. Determine m(41).
28
Let z(v) = -246*v**3 - 3*v**2 + 10*v + 11. Determine z(-1).
244
Let v(z) = -z**3 + 6*z**2 + 14*z - 41. Give v(7).
8
Let t(y) = -3415*y - 6830. Calculate t(-2).
0
Let q(t) = 61*t - 257. What is q(3)?
-74
Let u(f) = -22*f**2 + 210*f + 330. What is u(11)?
-22
Let a(r) = 11405*r + 68423. Give a(-6).
-7
Let d(o) = -3*o**3 - 2*o**2 + 14*o + 7. Give d(3).
-50
Let a(i) = -40*i + 639. Give a(16).
-1
Let x(t) = t**3 + 48*t**2 + 246*t + 9346. Give x(-47).
-7
Let u(n) = 421*n + 40427. Calculate u(-96).
11
Let z(j) = 15*j**2 + 199*j. What is z(-13)?
-52
Let i(f) = 7*f**2 - 86*f + 13. Calculate i(11).
-86
Let y(h) = h**2 - 32*h + 229. Calculate y(11).
-2
Let p(k) = k**3 - 4*k**2 - 13*k - 3. Calculate p(6).
-9
Let l(o) = -71*o + 1268. Calculate l(18).
-10
Let k(h) = 3*h**3 + 601*h**2 + 204*h + 814. Calculate k(-200).
14
Let y(z) = 13*z + 142. Determine y(-12).
-14
Let d(b) = 165*b - 338. What is d(2)?
-8
Let f(o) = o**2 - 39*o - 1456. Give f(57).
-430
Let v(y) = 3*y**2 - 55*y + 216. Determine v(12).
-12
Let i(g) = 41*g**2 + 11234*g + 4. What is i(-274)?
4
Let o(c) = -4*c**2 - 2326*c - 9. What is o(0)?
-9
Let l(s) = s**2 - 200*s + 6981. Calculate l(45).
6
Let l(j) = -j**3 + 88*j**2 + 70*j - 6157. Calculate l(88).
3
Let m(p) = p**3 + 31*p**2 + 103*p - 120. Calculate m(-27).
15
Let l(n) = -26*n**2 + 9*n + 39. Determine l(-4).
-413
Let i(a) = 2*a**2 - 69*a - 3321. What is i(-27)?
0
Let a(p) = 4077*p + 61160. Give a(-15).
5
Let l(q) = 1483*q - 8871. Determine l(6).
27
Let s(k) = -2*k**2 + 30*k + 316. What is s(25)?
-184
Let a(y) = -5*y**2 + 40*y - 19. Determine a(20).
-1219
Let f(v) = v**2 - 124*v + 3026. Calculate f(33).
23
Let o(v) = 3*v**2 - 160*v - 303. What is o(55)?
-28
Let o(g) = -8*g**2 - 176*g - 32. Determine o(-22).
-32
Let h(k) = -214*k + 24363. Determine h(114).
-33
Let p(i) = -4*i**2 - 409*i - 150. Determine p(-102).
-48
Let g(w) = -8*w**2 + 816*w - 744. Determine g(101).
64
Let c(s) = -s**3 - 133*s**2 - 136*s + 16498. What is c(-131)?
-8
Let n(i) = 196*i - 1631. Give n(9).
133
Let x(f) = -2*f**2 + 73*f - 11. Determine x(37).
-48
Let h(l) = -3*l + 336. Determine h(81).
93
Let w(y) = 3*y**2 + 88*y + 664. Give w(-14).
20
Let b(p) = p**3 + 15*p**2 - 3*p + 208. Give b(-16).
0
Let g(j) = 95*j + 61. Determine g(3).
346
Let h(f) = f**2 + 39*f + 237. Give h(-7).
13
Let t(o) = 3*o**3 + 26*o**2 - 72*o + 33. Determine t(-11).
-22
Let c(z) = z**2 - 8*z - 1008. What is c(35)?
-63
Let w(a) = 3*a**3 + 21*a**2 - 2*a - 14. Calculate w(-6).
106
Let q(g) = -14*g - 52. Determine q(17).
-290
Let t(b) = 19*b + 337. Determine t(-19).
-24
Let j(f) = 17*f - 271. Give j(-17).
-560
Let w(s) = -s**3 - 11*s**2 + 8*s - 53. Calculate w(-12).
-5
Let v(x) = -2*x**3 + 40*x**2 - 41*x + 793. What is v(20)?
-27
Let q(x) = -x**3 - 19*x**2 + 43*x + 400. Calculate q(-20).
-60
Let j(h) = 99*h + 1198. Give j(-12).
10
Let g(r) = 212*r - 1066. Determine g(4).
-218
Let f(t) = t**3 - 3*t**2 + 12*t + 6. Calculate f(5).
116
Let n(f) = f**3 - 29*f**2 + 4*f + 267. What is n(29)?
383
Let n(s) = 2*s**2 - 66*s + 705. Calculate n(9).
273
Let p(d) = -4*d + 320. Determine p(86).
-24
Let n(w) = -w**3 + 15*w**2 + 24*w + 32. What is n(17)?
-138
Let u(s) = s**2 + 38*s + 209. Determine u(-31).
-8
Let z(m) = m**3 + 13*m**2 + 28*m - 4. Determine z(-9).
68
Let h(w) = 1285*w + 14153. Determine h(-11).
18
Let a(v) = -407*v - 13437. Determine a(-33).
-6
Let r(b) = -247*b - 1549. Determine r(-6).
-67
Let q(i) = -6*i**2 + 35*i - 30. Calculate q(5).
-5
Let i(f) = -4*f**2 + 103*f - 588. Give i(17).
7
Let c(g) = -g + 4. Give c(-109).
113
Let x(b) = -12*b**2 + 386*b + 387. Give x(-1).
-11
Let z(x) = -206*x - 1850. Determine z(-9).
4
Let v(u) = -372*u - 12638. What is v(-34)?
10
Let d(i) = 2*i**3 - 112*i**2 - 14*i + 452. Determine d(56).
-332
Let w(t) = -t**3 + 2*t**2 + 87*t - 52. Determine w(0).
-52
Let z(w) = 518*w + 13473. Determine z(-26).
5
Let r(w) = -w**2 - 73*w + 1418. Determine r(15).
98
Let u(r) = r**3 - 4*r**2 - 19*r + 39. What is u(6)?
-3
Let v(t) = 8*t**3 - 1025*t**2 + 127*t + 127. What is v(128)?
-1
Let f(k) = -887*k - 21. Calculate f(0).
-21
Let o(a) = 1017*a + 12205. What is o(-12)?
1
Let z(u) = 31*u**3 - 126*u**2 + 26*u - 70. What is z(4)?
2
Let w(m) = 94*m - 484. What is w(5)?
-14
Let c(w) = w**2 + 18*w - 2323. What is c(40)?
-3
Let s(z) = -7*z**2 + 315*z - 1. Calculate s(45).
-1
Let o(q) = -14*q + 1297. Give o(92).
9
Let u(i) = -7*i**3